- 33*f + 31*f = -127, -71 = -3*s + 4*f. Calculate the remainder when 322 is divided by s.
22
Suppose 4*d - 403 + 107 = 0. Let o(j) = 1 - 1 + 8*j**2 + 11*j - j**3 + 1. Calculate the remainder when d is divided by o(9).
17
Let g(y) = -8*y - 1. Calculate the remainder when 4154/54 + (-6)/(-81) is divided by g(-5).
38
Let u(w) = -4*w - 39. What is the remainder when 473 is divided by u(-14)?
14
Suppose -25*m - 10*m + 21525 = 0. What is the remainder when m is divided by 11?
10
Suppose 4*x + 202 = 5*t, x + 49 = 4*t - 117. Calculate the remainder when 335 is divided by t.
41
Suppose -11*r = -8*r - 99. What is the remainder when 113 is divided by (4 - r)/1*-1?
26
Let r = -12 + 16. Suppose 2*t - 50 = -4*b, -r*b = t + 3*t - 104. What is the remainder when 132 is divided by t?
24
Suppose 2*x = -13 + 5. What is the remainder when 26 is divided by 6*x/(-8) - -12?
11
Let z(h) = 2*h**3 - 47*h**2 - 25*h + 67. Calculate the remainder when z(24) is divided by 11.
10
Let w = -59 - -92. What is the remainder when w is divided by (-60)/100 + 9 + 6/10?
6
Suppose -2*t + 51 = -3. Suppose 3*y + 2*n - 163 = 0, -y - n + 71 = 3*n. What is the remainder when y is divided by t?
24
Let o = -409 - -435. Suppose -4*t - 2*i = -0*t - 40, 5*i = 2*t - 8. Calculate the remainder when o is divided by t.
8
Let l be 3*(-70)/15*-3. Suppose -3*z + 24 = -l. What is the remainder when (-1)/(2*(-1)/170) is divided by z?
19
Suppose 2*x + 0 - 8 = 0. Calculate the remainder when x is divided by (-3)/(-6 - (-4 - -1)).
0
Let c = -312 - -444. Calculate the remainder when c is divided by 45.
42
Suppose -2*u - 5*t + 117 = 0, -u - 2*t = -2*u + 36. Calculate the remainder when 229 is divided by u.
45
Suppose -u = -6*u - 2*p + 341, -2*u + 142 = -2*p. Calculate the remainder when 137 is divided by u.
68
Let y = 530 - 523. Calculate the remainder when 67 is divided by y.
4
What is the remainder when 1755/40 + 6/48 is divided by 28?
16
Let u(r) = -3*r**3 - r**2 + 11*r + 2. Let t be u(-3). Let z = t + -23. What is the remainder when 51 is divided by z?
15
Let g = -27 - -46. Let c = 219 - 13. What is the remainder when c is divided by g?
16
Suppose 165 = -3*d + w, 4*d = 2*d - 2*w - 102. Let l = d - -78. Suppose -a + 0 = -13. Calculate the remainder when l is divided by a.
11
Let r = -19 + 19. Suppose r = 3*s + s - 36. Calculate the remainder when 14 is divided by s.
5
Let j be 10/5*230/(-4). Let l = j + 149. What is the remainder when l is divided by 25?
9
Let n(f) = f**3 - 2*f**2 + 2*f - 1. Let b(r) = 3*r**2 + 5*r - 14. Let h be b(-5). Suppose 39*v + h = 43*v. What is the remainder when n(3) is divided by v?
5
Let z(j) = 12*j + 2. Suppose 0 = -4*r - 4*k - 24, -r - 2*r - 2*k = 14. What is the remainder when r/(-6) + 298/6 is divided by z(2)?
24
Let k = 890 - 569. Calculate the remainder when k is divided by 25.
21
Suppose 2*b - 3*b = u - 7, 19 = b - 3*u. What is the remainder when 32 is divided by b?
2
Let b = -9 - -11. Let g = 20 - b. Calculate the remainder when 3/3*1*34 is divided by g.
16
Suppose 4521*p = 4514*p + 322. What is the remainder when 142 is divided by p?
4
Suppose 0 = -8*y + 370 - 122. What is the remainder when 121 is divided by y?
28
Let x be -7 - -3 - (-4)/(-1). What is the remainder when ((-165)/20)/(2/x) - 4 is divided by 10?
9
Suppose -22*v - 8 = -24*v. Suppose -2*w + 25 = r + 2, v*r + 64 = 5*w. Let f = 53 - 31. Calculate the remainder when f is divided by w.
10
Let m = -35 - -38. Suppose -3*v - 5 - 8 = -2*j, 4*j = -2*v + 66. What is the remainder when m*5/((-30)/(-106)) is divided by j?
11
Suppose -z + 5*z = 3*t + 114, z - 20 = 5*t. Suppose 2*u = -i + 179, -217*u + 213*u + 2*i + 338 = 0. What is the remainder when u is divided by z?
27
Let k(m) = -m**3 + 3*m**2 + 6*m - 3. Let t be k(4). Suppose 2*y + t*g - 113 = -0*g, 4*y = -3*g + 247. What is the remainder when y is divided by 22?
20
Let i(z) = 55*z - 98. What is the remainder when 141 is divided by i(2)?
9
Suppose 0 = y + 2*p - 54, 5 = p - 0. Calculate the remainder when 173 is divided by y.
41
Let m be 1/(-5) + 342/(-15). Let j = -26 - m. What is the remainder when 8/(-2) - (j - 100) is divided by 17?
14
Let l = 268 - -396. Calculate the remainder when 46 is divided by l/36 + 8/(-18).
10
Let j(c) = -c**2 + 6*c + 2. What is the remainder when 26 is divided by j(2)?
6
Let f = -58 + 34. Calculate the remainder when 70 is divided by 60*(2 + f/15).
22
Let k(x) = 10*x**3 + 2*x**2 - 3*x - 1. Calculate the remainder when 332 is divided by k(2).
8
Suppose 5*l + 22 = 3*p, 38 - 16 = 5*p - l. Suppose 0 = -5*i + f + 240, 5*i - p*f = 142 + 113. What is the remainder when 91 is divided by i?
44
Let c be ((-16)/10)/(18/(-45)). Suppose -c*j + 12 = 0, s - 3*j + j = 0. What is the remainder when 7 is divided by s?
1
Suppose 4*m = -h + 20, 5*m + 5*h = m + 4. Suppose 145 = 11*l - m*l. Calculate the remainder when l is divided by 10.
9
Let m(g) = 3*g - 20. Let v be m(11). Let k(c) = -c**2 + 13*c + 9. Calculate the remainder when 35 is divided by k(v).
8
Let t = 1112 - 1089. What is the remainder when 395 is divided by t?
4
Suppose -89 = u - 93. What is the remainder when 31 is divided by u?
3
Let z be ((-8)/10)/(2/5). Let g be (4 + -6)*11/z. Suppose -7*k - 244 = -g*k. Calculate the remainder when k is divided by 16.
13
Suppose 0*v = -t - v + 56, -2*t + 4*v + 82 = 0. Let f = 5 + 30. Let p = t - f. Calculate the remainder when 77 is divided by p.
13
Let n = -2172 + 2180. What is the remainder when 426 is divided by n?
2
Let b be (-6)/(-15)*25/1. Suppose 75 = b*c - 95. Calculate the remainder when 32 is divided by c.
15
Suppose 0 = 8*s - 325 + 157. Suppose 4*x - 15 = j + 2*j, 0 = 5*j + 5. Suppose 81 = -x*d + 4*d. What is the remainder when d is divided by s?
18
Let y(c) = 2*c**3 - 2*c**2 + 3*c. Let a be y(2). Let s = a + -5. Calculate the remainder when (51/6)/(5/10) is divided by s.
8
Suppose 4*s + 164 = 4*d, 0*d + 213 = 5*d - 3*s. Suppose 52 = 7*r - 3*r + 4*l, -2*r = -l - 41. Let o = r + 5. What is the remainder when d is divided by o?
22
Let w(g) = -25*g + 3. Let x(v) = v**3 - 13*v**2 + 14*v + 4. Calculate the remainder when w(-2) is divided by x(12).
25
Suppose 794 = 11*j + 101. What is the remainder when 195 is divided by j?
6
Suppose 8*x - 70 = 154. What is the remainder when 167 is divided by x?
27
Let h(g) = -2*g**2 - 2*g + 1. Let o be h(-2). What is the remainder when 31 is divided by 116/10 - (-2)/10*o?
9
Let m = 428 + -361. What is the remainder when 397 is divided by m?
62
Suppose -161*n + 160*n + 14 = 0. What is the remainder when (6/1)/(6/68) is divided by n?
12
Let o = 650 + -644. Calculate the remainder when 18 is divided by o.
0
Let k = -2 + -1. Let f(s) = -3*s + 13. Calculate the remainder when 41 is divided by f(k).
19
Suppose -2*v - 48 = 56. Let p be (v/(-10))/((-32)/(-80)). What is the remainder when 79*1 + p/(-13) is divided by 27?
24
Suppose 60 = -2*g + 14*g. What is the remainder when 26 is divided by 10/g - 6/(-2)?
1
Let g(z) = z**2 - 8*z + 5. What is the remainder when 95 is divided by g(-4)?
42
Suppose 27*z + k = 30*z - 202, -134 = -2*z + k. Calculate the remainder when z is divided by 23.
22
What is the remainder when 181 is divided by (-1 - (4 + -1) - -3) + 15?
13
Suppose 4*z - 6*z + a = -3, a - 3 = 0. Suppose -z*r - r = -252. Calculate the remainder when r is divided by 8.
7
Suppose 0 = -2*h + 5*i + 97, 3*h + 0*h - 3*i - 141 = 0. Suppose 0 = 3*x - 2*c - 546, -50 = 2*x + 3*c - 401. Calculate the remainder when x is divided by h.
42
Calculate the remainder when ((-2 - 4) + 7)*257 is divided by 43.
42
Suppose 357 = 60*u - 543. Calculate the remainder when u is divided by 6/(-9) - 28/(-6).
3
Let i be (-4)/(-6) + 2/(-3). Suppose 5*d + i*d = 0. Suppose d = v - 14 - 8. What is the remainder when v is divided by 8?
6
Suppose 5*o - 2*y - 9 = 0, 3*o - y = -5*y + 21. Suppose 2 = -o*h + 2*h. Let v = 44 + h. Calculate the remainder when v is divided by 9.
6
Let p(b) = 4*b**2 - 8*b - 19. Calculate the remainder when 22 is divided by p(-2).
9
Let c be ((-292)/(-10))/((-11)/(-55)). Suppose -g - 4*p = -6*g + c, -g - p = -31. What is the remainder when g is divided by 8?
6
Let r(h) = -h**3 - 8*h**2 - 9*h + 3. What is the remainder when r(-9) is divided by 46?
27
Let x(i) = 2*i**2 - 58*i - 99. What is the remainder when x(32) is divided